{"id":48,"date":"2019-07-15T11:20:33","date_gmt":"2019-07-15T09:20:33","guid":{"rendered":"https:\/\/blog.niederoesterreichbahnen.at\/?page_id=48"},"modified":"2023-11-16T14:56:27","modified_gmt":"2023-11-16T13:56:27","slug":"impressum","status":"publish","type":"page","link":"https:\/\/blog.noevog.at\/index.php\/impressum\/","title":{"rendered":"Impressum"},"content":{"rendered":"\n<p><strong>Verantwortlich f\u00fcr den Inhalt:<\/strong><\/p>\n\n\n\n<p><strong>Nieder\u00f6sterreichische Verkehrsorganisationsges.m.b.H. (N\u00d6VOG)<\/strong><br>Werkst\u00e4ttenstra\u00dfe 13, 3100 St. P\u00f6lten<br>Telefon: +43 2742 360 990-0<br>E-Mail: <a rel=\"noreferrer noopener\" href=\"mailto:office@niederoesterreichbahnen.at\" target=\"_blank\">office@niederoesterreichbahne<\/a><a href=\"mailto:office@niederoesterreichbahnen.at\" target=\"_blank\" rel=\"noreferrer noopener\">n<\/a><a rel=\"noreferrer noopener\" href=\"mailto:office@niederoesterreichbahnen.at\" target=\"_blank\">.at<\/a><br><br>UID-Nr.: ATU 19845103<br>Firmenbuch-Nr.: FN 31309v<br>Firmenbuchgericht: Landesgericht St. P\u00f6lten<br>Beh\u00f6rde gem. ECG: Magistrat St. P\u00f6lten<br>Kammerzugeh\u00f6rigkeit: Wirtschaftskammer Nieder\u00f6sterreich<br>Gewerbe- und berufsrechtliche Vorschriften: \u00d6sterreichische Gewerbeordnung<\/p>\n\n\n\n<p>Dieses Impressum gilt auch f\u00fcr die Social Media Angebote der Nieder\u00f6sterreich Bahnen (N\u00d6VOG) auf <a rel=\"noreferrer noopener\" href=\"https:\/\/www.facebook.com\/niederoesterreichbahnen\/\" target=\"_blank\">Facebook<\/a>, <a rel=\"noreferrer noopener\" aria-label=\" (\u00f6ffnet in neuem Tab)\" href=\"http:\/\/www.flickr.com\/noevog\" target=\"_blank\">Flickr<\/a><a rel=\"noreferrer noopener\" aria-label=\" (\u00f6ffnet in neuem Tab)\" href=\"http:\/\/www.twitter.com\/NOEVOG\" target=\"_blank\"> <\/a>und <a rel=\"noreferrer noopener\" aria-label=\" (\u00f6ffnet in neuem Tab)\" href=\"https:\/\/www.youtube.com\/user\/NOEVOGLandesbahnen\" target=\"_blank\">YouTube<\/a>.<\/p>\n\n\n\n<p><strong>Kontakt zum Nieder\u00f6sterreich Bahnen Infocenter und zur Agentur f\u00fcr Passagier- und Fahrgastrechte (apf)<\/strong><br><a href=\"https:\/\/www.niederoesterreichbahnen.at\/kontakt\" target=\"_blank\" rel=\"noreferrer noopener\">&gt;&gt;&gt; Bitte hier klicken &lt;&lt;&lt;<\/a><\/p>\n\n\n\n<p><strong>Online-Schlichtungsplattform<\/strong><br>Zur  au\u00dfergerichtlichen Beilegung von verbraucherrechtlichen Streitigkeiten  hat die EU eine Online-Plattform (&#8222;OS-Plattform&#8220;) eingerichtet, an die  Sie sich bei Bedarf wenden k\u00f6nnen. Die Plattform finden Sie unter <a href=\"http:\/\/ec.europa.eu\/odr\/\">http:\/\/ec.europa.eu\/odr\/<\/a> .<\/p>\n\n\n\n<p><strong>Nutzungsbestimmungen<\/strong><br>\nDie Inhalte dieser Webseite sind frei nutzbar und dienen ausschlie\u00dflich der\nInformation. Es kommen durch die Nutzung der Auswahlm\u00f6glichkeiten der Webseite\nkeinerlei Rechtsgesch\u00e4fte zwischen der Eigent\u00fcmerin und den Nutzern zu Stande.\nDie weitere Vorgangsweise zwischen Anbietern und Nutzern und der m\u00f6gliche\nsp\u00e4tere Abschluss von Vertr\u00e4gen zwischen Anbietern und Nutzern liegen im\nausschlie\u00dflichen Ermessen der Nutzer.<\/p>\n\n\n\n<p><strong>Copyright\/Haftungsausschluss<\/strong><br> Im Hinblick auf die technischen Eigenschaften des Internets kann keine Gew\u00e4hr f\u00fcr die Authentizit\u00e4t, Richtigkeit und Vollst\u00e4ndigkeit der im Internet zur Verf\u00fcgung gestellten Informationen \u00fcbernommen werden. Es wird auch keine Gew\u00e4hr f\u00fcr die Verf\u00fcgbarkeit oder den Betrieb der gegenst\u00e4ndlichen Webseite und ihrer Inhalte \u00fcbernommen.<br> Jede Haftung f\u00fcr unmittelbare, mittelbare oder sonstige Sch\u00e4den, unabh\u00e4ngig von deren Ursachen, die aus der Benutzung oder Nichtverf\u00fcgbarkeit der Daten und Informationen dieser Webseite erwachsen, wird, soweit rechtlich zul\u00e4ssig, ausgeschlossen.<br> Der Inhalt dieser Webseite ist urheberrechtlich gesch\u00fctzt. Die Informationen sind nur f\u00fcr die pers\u00f6nliche Verwendung bestimmt. Jede weitere Nutzung, insbesondere die Speicherung in Datenbanken, Verfielf\u00e4ltigung und jede Form von gewerblicher Nutzung sowie die Weitergabe an Dritte &#8211; auch in Teilen oder in \u00fcberarbeiteter Form &#8211; ohne Zustimmung des Webseiten-Inhabers, ist untersagt.<br> Hyperlinks auf dieses Weblog sind willkommen. Jede Einbindung einzelner Seiten unseres Angebots in fremde Frames ist zu unterlassen, ebenso das zur Verf\u00fcgung stellen unseres RSS-Feeds auf fremden Seiten.<\/p>\n\n\n\n<p><strong>Haftung f\u00fcr Links<br><\/strong>Dieses Weblog enth\u00e4lt Links zu externen Webseiten Dritter, auf deren Inhalt wir keinen Einfluss haben. Deshalb k\u00f6nnen wir f\u00fcr diese fremden Inhalte auch keine Gew\u00e4hr \u00fcbernehmen. F\u00fcr die Inhalte der verlinkten Seiten ist stets der jeweilige Anbieter oder Betreiber der Seiten verantwortlich. Die verlinkten Seiten wurden zum Zeitpunkt der Verlinkung auf m\u00f6gliche Rechtsverst\u00f6\u00dfe \u00fcberpr\u00fcft. Rechtswidrige Inhalte waren zum Zeitpunkt der Verlinkung nicht erkennbar. Eine permanente inhaltliche Kontrolle der verlinkten Seiten ist jedoch ohne konkrete Anhaltspunkte einer Rechtsverletzung nicht zumutbar. Bei Bekanntwerden von Rechtsverletzungen werden wir derartige Links umgehend entfernen. <\/p>\n\n\n\n<p><strong>Cookies <\/strong><br>Internetseiten verwenden teilweise so genannte Cookies. Cookies richten auf Ihrem Rechner keinen Schaden an und enthalten keine Viren. Cookies dienen dazu, unser Angebot nutzerfreundlich, effektiv und sicher zu machen. Cookies sind kleine Textdateien, die auf Ihrem Rechner abgelegt werden und die Ihr Browser speichert.  Die von uns verwendeten Cookies sind systemrelevante Cookies, die keine personenbezogenen Daten speichern. Infos zur Dateschutzrichtlinie der Nieder\u00f6sterreich Bahnen finden <a href=\"https:\/\/www.niederoesterreichbahnen.at\/datenschutz-websitenutzung\" target=\"_blank\" rel=\"noreferrer noopener\">hier<\/a>. <\/p>\n\n\n\n<p><strong>Fotorechte <\/strong><br> Alle Rechte an den Fotos, die auf den Seiten der Nieder\u00f6sterreich Bahnen ver\u00f6ffentlicht werden, liegen bei den jeweiligen Bildautoren. Jegliche nichtautorisierte Verwendung ist untersagt. <\/p>\n\n\n\n<p><strong>Datenschutz<\/strong><br><a href=\"https:\/\/www.niederoesterreichbahnen.at\/datenschutz\" target=\"_blank\" rel=\"noreferrer noopener\">&gt;&gt;&gt; Bitte hier klicken &lt;&lt;&lt;<\/a><\/p>\n\n\n\n<p><strong>AGB<\/strong><br><a href=\"https:\/\/www.niederoesterreichbahnen.at\/agb\" target=\"_blank\" rel=\"noreferrer noopener\">&gt;&gt;&gt; Bitte hier klicken &lt;&lt;&lt;<\/a><\/p>\n\n\n\n<p>Diese Webseite wurde mit dem Content Management System <a href=\"https:\/\/de.wordpress.com\/create\/?currency=EUR&amp;sgmt=gb&amp;utm_source=google&amp;utm_campaign=Google_WPcom_Search_Brand_Desktop_AT_de&amp;utm_medium=paid_search&amp;keyword=wordpress&amp;creative=329671355965&amp;campaignid=668791383&amp;adgroupid=56753935353&amp;matchtype=e&amp;device=c&amp;network=g&amp;cpn=668791383&amp;device=c&amp;pl=&amp;targetid=kwd-313411415&amp;locationid=1000772&amp;gclid=Cj0KCQjwhJrqBRDZARIsALhp1WTR3usQrIBZr--QdfJmFS49K9DCaVop1937TmRCM78CnJWB7EAXeW8aAvv4EALw_wcB&amp;gclsrc=aw.ds\" target=\"_blank\" rel=\"noreferrer noopener\" aria-label=\"WordPress 5.2.2. erstellt.  (\u00f6ffnet in neuem Tab)\">WordPress 5.2.2. erstellt. <\/a><\/p>\n","protected":false},"excerpt":{"rendered":"<p>Verantwortlich f\u00fcr den Inhalt: Nieder\u00f6sterreichische Verkehrsorganisationsges.m.b.H. (N\u00d6VOG)Werkst\u00e4ttenstra\u00dfe 13, 3100 St. P\u00f6ltenTelefon: +43 2742 360 990-0E-Mail: office@niederoesterreichbahnen.at UID-Nr.: ATU 19845103Firmenbuch-Nr.: FN 31309vFirmenbuchgericht: Landesgericht St. P\u00f6ltenBeh\u00f6rde gem. ECG: Magistrat St. P\u00f6ltenKammerzugeh\u00f6rigkeit: Wirtschaftskammer Nieder\u00f6sterreichGewerbe- und berufsrechtliche Vorschriften: \u00d6sterreichische Gewerbeordnung Dieses Impressum gilt auch f\u00fcr die Social Media Angebote der Nieder\u00f6sterreich Bahnen (N\u00d6VOG) auf Facebook, Flickr und YouTube. Kontakt zum Nieder\u00f6sterreich Bahnen Infocenter und zur Agentur f\u00fcr Passagier- und Fahrgastrechte (apf)&gt;&gt;&gt; Bitte hier klicken &lt;&lt;&lt; Online-SchlichtungsplattformZur au\u00dfergerichtlichen Beilegung von verbraucherrechtlichen Streitigkeiten hat die EU eine Online-Plattform (&#8222;OS-Plattform&#8220;) eingerichtet, an die Sie sich bei Bedarf wenden k\u00f6nnen. Die Plattform finden Sie unter http:\/\/ec.europa.eu\/odr\/ . Nutzungsbestimmungen Die Inhalte dieser Webseite sind frei nutzbar und dienen ausschlie\u00dflich der Information. Es kommen durch die Nutzung der Auswahlm\u00f6glichkeiten der Webseite keinerlei Rechtsgesch\u00e4fte zwischen der Eigent\u00fcmerin und den Nutzern zu Stande. Die weitere Vorgangsweise zwischen Anbietern und Nutzern und der m\u00f6gliche sp\u00e4tere Abschluss von Vertr\u00e4gen zwischen Anbietern und Nutzern liegen im ausschlie\u00dflichen Ermessen der Nutzer. Copyright\/Haftungsausschluss Im Hinblick auf die technischen Eigenschaften des Internets kann keine Gew\u00e4hr f\u00fcr die Authentizit\u00e4t, Richtigkeit und Vollst\u00e4ndigkeit der im Internet zur Verf\u00fcgung gestellten Informationen \u00fcbernommen werden. Es wird auch keine Gew\u00e4hr f\u00fcr die Verf\u00fcgbarkeit oder den Betrieb der gegenst\u00e4ndlichen Webseite und ihrer Inhalte \u00fcbernommen. Jede Haftung f\u00fcr unmittelbare, mittelbare oder sonstige Sch\u00e4den, unabh\u00e4ngig von deren Ursachen, die aus der Benutzung oder Nichtverf\u00fcgbarkeit der Daten und Informationen dieser Webseite erwachsen, wird, soweit rechtlich zul\u00e4ssig, ausgeschlossen. Der Inhalt dieser Webseite ist urheberrechtlich gesch\u00fctzt. Die Informationen sind nur f\u00fcr die pers\u00f6nliche Verwendung bestimmt. Jede weitere Nutzung, insbesondere die Speicherung in Datenbanken, Verfielf\u00e4ltigung und jede Form von gewerblicher Nutzung sowie die Weitergabe an Dritte &#8211; auch in Teilen oder in \u00fcberarbeiteter Form &#8211; ohne Zustimmung des Webseiten-Inhabers, ist untersagt. Hyperlinks auf dieses Weblog sind willkommen. Jede Einbindung einzelner Seiten unseres Angebots in fremde Frames ist zu unterlassen, ebenso das zur Verf\u00fcgung stellen unseres RSS-Feeds auf fremden Seiten. Haftung f\u00fcr LinksDieses Weblog enth\u00e4lt Links zu externen Webseiten Dritter, auf deren Inhalt wir keinen Einfluss haben. Deshalb k\u00f6nnen wir f\u00fcr diese fremden Inhalte auch keine Gew\u00e4hr \u00fcbernehmen. F\u00fcr die Inhalte der verlinkten Seiten ist stets der jeweilige Anbieter oder Betreiber der Seiten verantwortlich. Die verlinkten Seiten wurden zum Zeitpunkt der Verlinkung auf m\u00f6gliche Rechtsverst\u00f6\u00dfe \u00fcberpr\u00fcft. Rechtswidrige Inhalte waren zum Zeitpunkt der Verlinkung nicht erkennbar. Eine permanente inhaltliche Kontrolle der verlinkten Seiten ist jedoch ohne konkrete Anhaltspunkte einer Rechtsverletzung nicht zumutbar. Bei Bekanntwerden von Rechtsverletzungen werden wir derartige Links umgehend entfernen. Cookies Internetseiten verwenden teilweise so genannte Cookies. Cookies richten auf Ihrem Rechner keinen Schaden an und enthalten keine Viren. Cookies dienen dazu, unser Angebot nutzerfreundlich, effektiv und sicher zu machen. Cookies sind kleine Textdateien, die auf Ihrem Rechner abgelegt werden und die Ihr Browser speichert. Die von uns verwendeten Cookies sind systemrelevante Cookies, die keine personenbezogenen Daten speichern. Infos zur Dateschutzrichtlinie der Nieder\u00f6sterreich Bahnen finden hier. Fotorechte Alle Rechte an den Fotos, die auf den Seiten der Nieder\u00f6sterreich Bahnen ver\u00f6ffentlicht werden, liegen bei den jeweiligen Bildautoren. Jegliche nichtautorisierte Verwendung ist untersagt. Datenschutz&gt;&gt;&gt; Bitte hier klicken &lt;&lt;&lt; AGB&gt;&gt;&gt; Bitte hier klicken &lt;&lt;&lt; Diese Webseite wurde mit dem Content Management System WordPress 5.2.2. erstellt.<\/p>\n","protected":false},"author":2,"featured_media":0,"parent":0,"menu_order":0,"comment_status":"closed","ping_status":"closed","template":"","meta":{"footnotes":""},"class_list":["post-48","page","type-page","status-publish","hentry"],"acf":[],"_links":{"self":[{"href":"https:\/\/blog.noevog.at\/index.php\/wp-json\/wp\/v2\/pages\/48","targetHints":{"allow":["GET"]}}],"collection":[{"href":"https:\/\/blog.noevog.at\/index.php\/wp-json\/wp\/v2\/pages"}],"about":[{"href":"https:\/\/blog.noevog.at\/index.php\/wp-json\/wp\/v2\/types\/page"}],"author":[{"embeddable":true,"href":"https:\/\/blog.noevog.at\/index.php\/wp-json\/wp\/v2\/users\/2"}],"replies":[{"embeddable":true,"href":"https:\/\/blog.noevog.at\/index.php\/wp-json\/wp\/v2\/comments?post=48"}],"version-history":[{"count":1,"href":"https:\/\/blog.noevog.at\/index.php\/wp-json\/wp\/v2\/pages\/48\/revisions"}],"predecessor-version":[{"id":195938,"href":"https:\/\/blog.noevog.at\/index.php\/wp-json\/wp\/v2\/pages\/48\/revisions\/195938"}],"wp:attachment":[{"href":"https:\/\/blog.noevog.at\/index.php\/wp-json\/wp\/v2\/media?parent=48"}],"curies":[{"name":"wp","href":"https:\/\/api.w.org\/{rel}","templated":true}]}}